{"id":37,"date":"2018-01-07T17:18:28","date_gmt":"2018-01-07T16:18:28","guid":{"rendered":"http:\/\/ff-oberhaidelbach.de\/word\/?page_id=37"},"modified":"2018-06-05T09:11:57","modified_gmt":"2018-06-05T07:11:57","slug":"downloads","status":"publish","type":"page","link":"http:\/\/ff-oberhaidelbach.de\/?page_id=37","title":{"rendered":"Downloads"},"content":{"rendered":"<p>Hier k\u00f6nnen sie den Mitgliedsantrag <a href=\"http:\/\/ff-oberhaidelbach.de\/word\/wp-content\/uploads\/2018\/05\/Aufnahmeantrag_neu.pdf\">downloaden<\/a>.<\/p>\n<p>Hier k\u00f6nnen sie den Ausbildungsplan f\u00fcr das Jahr 2018 <a href=\"http:\/\/ff-oberhaidelbach.de\/word\/wp-content\/uploads\/2018\/06\/AUSBILDUNGSPLAN-2018.pdf\">downloaden<\/a>.<\/p>\n","protected":false},"excerpt":{"rendered":"<p>Hier k\u00f6nnen sie den Mitgliedsantrag downloaden. Hier k\u00f6nnen sie den Ausbildungsplan f\u00fcr das Jahr 2018 downloaden.<\/p>\n","protected":false},"author":1,"featured_media":0,"parent":0,"menu_order":4,"comment_status":"closed","ping_status":"closed","template":"","meta":[],"_links":{"self":[{"href":"http:\/\/ff-oberhaidelbach.de\/index.php?rest_route=\/wp\/v2\/pages\/37"}],"collection":[{"href":"http:\/\/ff-oberhaidelbach.de\/index.php?rest_route=\/wp\/v2\/pages"}],"about":[{"href":"http:\/\/ff-oberhaidelbach.de\/index.php?rest_route=\/wp\/v2\/types\/page"}],"author":[{"embeddable":true,"href":"http:\/\/ff-oberhaidelbach.de\/index.php?rest_route=\/wp\/v2\/users\/1"}],"replies":[{"embeddable":true,"href":"http:\/\/ff-oberhaidelbach.de\/index.php?rest_route=%2Fwp%2Fv2%2Fcomments&post=37"}],"version-history":[{"count":4,"href":"http:\/\/ff-oberhaidelbach.de\/index.php?rest_route=\/wp\/v2\/pages\/37\/revisions"}],"predecessor-version":[{"id":1803,"href":"http:\/\/ff-oberhaidelbach.de\/index.php?rest_route=\/wp\/v2\/pages\/37\/revisions\/1803"}],"wp:attachment":[{"href":"http:\/\/ff-oberhaidelbach.de\/index.php?rest_route=%2Fwp%2Fv2%2Fmedia&parent=37"}],"curies":[{"name":"wp","href":"https:\/\/api.w.org\/{rel}","templated":true}]}}